{"id":3637,"date":"2021-11-05T09:20:05","date_gmt":"2021-11-05T08:20:05","guid":{"rendered":"https:\/\/www.fontan.se\/wp\/?page_id=3637"},"modified":"2026-04-24T10:55:35","modified_gmt":"2026-04-24T08:55:35","slug":"3637-2","status":"publish","type":"page","link":"https:\/\/www.fontan.se\/wp\/3637-2\/","title":{"rendered":"Styrelse och personal"},"content":{"rendered":"<p>[et_pb_section fb_built=&#8221;1&#8243; _builder_version=&#8221;4.16&#8243; _module_preset=&#8221;default&#8221; global_colors_info=&#8221;{}&#8221;][et_pb_row _builder_version=&#8221;4.16&#8243; _module_preset=&#8221;default&#8221; global_colors_info=&#8221;{}&#8221;][et_pb_column type=&#8221;4_4&#8243; _builder_version=&#8221;4.16&#8243; _module_preset=&#8221;default&#8221; global_colors_info=&#8221;{}&#8221;][et_pb_text admin_label=&#8221;Text&#8221; _builder_version=&#8221;4.16&#8243; _module_preset=&#8221;default&#8221; global_colors_info=&#8221;{}&#8221;]<\/p>\n<h3 style=\"text-align: center;\"><strong>Styrelse och Handledare<\/strong><\/h3>\n<p>[\/et_pb_text][\/et_pb_column][\/et_pb_row][et_pb_row column_structure=&#8221;1_3,1_3,1_3&#8243; _builder_version=&#8221;4.16&#8243; _module_preset=&#8221;default&#8221; global_colors_info=&#8221;{}&#8221;][et_pb_column type=&#8221;1_3&#8243; _builder_version=&#8221;4.16&#8243; _module_preset=&#8221;default&#8221; global_colors_info=&#8221;{}&#8221;][et_pb_text _builder_version=&#8221;4.27.4&#8243; _module_preset=&#8221;default&#8221; min_height=&#8221;297.5px&#8221; custom_margin=&#8221;||16px|||&#8221; custom_padding=&#8221;||0px|||&#8221; hover_enabled=&#8221;0&#8243; global_colors_info=&#8221;{}&#8221; sticky_enabled=&#8221;0&#8243;]<\/p>\n<div class=\"post-title\">\n<p class=\"entry-title\" style=\"text-align: center;\"><strong>Ordinarie ledam\u00f6ter\u00a0\u00a0<\/strong><\/p>\n<p class=\"entry-title\" style=\"text-align: center;\"><strong><\/strong><\/p>\n<\/div>\n<p class=\"post_content entry-content\" style=\"text-align: center;\"><em>Mikael Malm<\/em>, <em>Ordf\u00f6rande<br \/>Ursula Annerfors,<em> Vice Ordf\u00f6rande<br \/><\/em>Lena Parmenstam<br \/>Birgit Sundberg<br \/>Britt-Marie Bruno Asp<br \/>Mette Hesselgren<br \/>Lena Hedstr\u00f6m<br \/>Anna Jonsson<br \/><\/em><\/p>\n<p><em> <\/em><\/p>\n<p><em><\/em><\/p>\n<p class=\"post_content entry-content\" style=\"text-align: center;\"><em><\/em><\/p>\n<p class=\"post_content entry-content\" style=\"text-align: center;\"><em><\/em><\/p>\n<p class=\"post_content entry-content\" style=\"text-align: center;\"><em><\/em><\/p>\n<p class=\"post_content entry-content\" style=\"text-align: center;\"><em><\/em><\/p>\n<p>[\/et_pb_text][\/et_pb_column][et_pb_column type=&#8221;1_3&#8243; _builder_version=&#8221;4.16&#8243; _module_preset=&#8221;default&#8221; global_colors_info=&#8221;{}&#8221;][et_pb_text _builder_version=&#8221;4.27.4&#8243; _module_preset=&#8221;default&#8221; hover_enabled=&#8221;0&#8243; global_colors_info=&#8221;{}&#8221; sticky_enabled=&#8221;0&#8243;]<\/p>\n<p style=\"text-align: center;\"><strong>Ers\u00e4ttare<\/strong><br \/>Andr\u00e9a Gejskog<br \/>Vedad Begovic<strong><em><br \/><\/em><\/strong>Vakant plats<br \/>Vakant plats<\/p>\n<p style=\"text-align: center;\"><strong>Medlemsrepresentanter<\/strong><\/p>\n<p style=\"text-align: center;\">Lukas Isaksson<\/p>\n<p style=\"text-align: center;\"><strong><\/strong>Samuel Michalsky<\/p>\n<p style=\"text-align: center;\">Malin West<\/p>\n<p style=\"text-align: center;\"><strong>Revisor<\/strong><\/p>\n<p style=\"text-align: center;\">Louise Str\u00f6mberg, <em>R\u00e5dek<\/em><\/p>\n<p>[\/et_pb_text][\/et_pb_column][et_pb_column type=&#8221;1_3&#8243; _builder_version=&#8221;4.16&#8243; _module_preset=&#8221;default&#8221; global_colors_info=&#8221;{}&#8221;][et_pb_text _builder_version=&#8221;4.27.4&#8243; _module_preset=&#8221;default&#8221; custom_padding=&#8221;||10px|||&#8221; global_colors_info=&#8221;{}&#8221;]<\/p>\n<p style=\"text-align: center;\"><strong>Handledare<\/strong><\/p>\n<p style=\"text-align: center;\">Kjell Bratt &#8211; Vikarie<\/p>\n<p style=\"text-align: center;\">Arxhira Osmani &#8211; Vikarie<\/p>\n<p style=\"text-align: center;\">Linnea Bergmark &#8211; Linnea@fontan.se<\/p>\n<p style=\"text-align: center;\">Lotta L\u00f6fgren &#8211; Lotta@fontan.se<\/p>\n<p style=\"text-align: center;\">Viktor Str\u00f6mmer &#8211; Viktor@fontan.se<\/p>\n<p style=\"text-align: center;\"><strong>Klubbhuschef<\/strong><br \/>Carina Jonsson &#8211; Carina@fontan.se<\/p>\n<p style=\"text-align: center;\">[\/et_pb_text][\/et_pb_column][\/et_pb_row][\/et_pb_section]<\/p>\n","protected":false},"excerpt":{"rendered":"<p>Styrelse och Handledare Ordinarie ledam\u00f6ter\u00a0\u00a0 Mikael Malm, Ordf\u00f6randeUrsula Annerfors, Vice Ordf\u00f6randeLena ParmenstamBirgit SundbergBritt-Marie Bruno AspMette HesselgrenLena Hedstr\u00f6mAnna Jonsson Ers\u00e4ttareAndr\u00e9a GejskogVedad BegovicVakant platsVakant plats Medlemsrepresentanter Lukas Isaksson Samuel Michalsky Malin West Revisor Louise Str\u00f6mberg, R\u00e5dekHandledare Kjell Bratt &#8211; Vikarie Arxhira Osmani &#8211; Vikarie Linnea Bergmark &#8211; Linnea@fontan.se Lotta L\u00f6fgren &#8211; Lotta@fontan.se Viktor Str\u00f6mmer &#8211; Viktor@fontan.se KlubbhuschefCarina [&hellip;]<\/p>\n","protected":false},"author":4,"featured_media":0,"parent":0,"menu_order":0,"comment_status":"closed","ping_status":"closed","template":"","meta":{"_et_pb_use_builder":"on","_et_pb_old_content":"","_et_gb_content_width":"","footnotes":""},"class_list":["post-3637","page","type-page","status-publish","hentry"],"_links":{"self":[{"href":"https:\/\/www.fontan.se\/wp\/wp-json\/wp\/v2\/pages\/3637","targetHints":{"allow":["GET"]}}],"collection":[{"href":"https:\/\/www.fontan.se\/wp\/wp-json\/wp\/v2\/pages"}],"about":[{"href":"https:\/\/www.fontan.se\/wp\/wp-json\/wp\/v2\/types\/page"}],"author":[{"embeddable":true,"href":"https:\/\/www.fontan.se\/wp\/wp-json\/wp\/v2\/users\/4"}],"replies":[{"embeddable":true,"href":"https:\/\/www.fontan.se\/wp\/wp-json\/wp\/v2\/comments?post=3637"}],"version-history":[{"count":41,"href":"https:\/\/www.fontan.se\/wp\/wp-json\/wp\/v2\/pages\/3637\/revisions"}],"predecessor-version":[{"id":6401,"href":"https:\/\/www.fontan.se\/wp\/wp-json\/wp\/v2\/pages\/3637\/revisions\/6401"}],"wp:attachment":[{"href":"https:\/\/www.fontan.se\/wp\/wp-json\/wp\/v2\/media?parent=3637"}],"curies":[{"name":"wp","href":"https:\/\/api.w.org\/{rel}","templated":true}]}}

<p>[et_pb_section fb_built=&#8221;1&#8243; _builder_version=&#8221;4.16&#8243; _module_preset=&#8221;default&#8221; global_colors_info=&#8221;{}&#8221;][et_pb_row _builder_version=&#8221;4.16&#8243; _module_preset=&#8221;default&#8221; global_colors_info=&#8221;{}&#8221;][et_pb_column type=&#8221;4_4&#8243; _builder_version=&#8221;4.16&#8243; _module_preset=&#8221;default&#8221; global_colors_info=&#8221;{}&#8221;][et_pb_text admin_label=&#8221;Text&#8221; _builder_version=&#8221;4.16&#8243; _module_preset=&#8221;default&#8221; global_colors_info=&#8221;{}&#8221;]</p>
<h3 style="text-align: center;"><strong>Styrelse och Handledare</strong></h3>
<p>[/et_pb_text][/et_pb_column][/et_pb_row][et_pb_row column_structure=&#8221;1_3,1_3,1_3&#8243; _builder_version=&#8221;4.16&#8243; _module_preset=&#8221;default&#8221; global_colors_info=&#8221;{}&#8221;][et_pb_column type=&#8221;1_3&#8243; _builder_version=&#8221;4.16&#8243; _module_preset=&#8221;default&#8221; global_colors_info=&#8221;{}&#8221;][et_pb_text _builder_version=&#8221;4.27.4&#8243; _module_preset=&#8221;default&#8221; min_height=&#8221;297.5px&#8221; custom_margin=&#8221;||16px|||&#8221; custom_padding=&#8221;||0px|||&#8221; hover_enabled=&#8221;0&#8243; global_colors_info=&#8221;{}&#8221; sticky_enabled=&#8221;0&#8243;]</p>
<div class="post-title">
<p class="entry-title" style="text-align: center;"><strong>Ordinarie ledamöter  </strong></p>
<p class="entry-title" style="text-align: center;"><strong></strong></p>
</div>
<p class="post_content entry-content" style="text-align: center;"><em>Mikael Malm</em>, <em>Ordförande<br />Ursula Annerfors,<em> Vice Ordförande<br /></em>Lena Parmenstam<br />Birgit Sundberg<br />Britt-Marie Bruno Asp<br />Mette Hesselgren<br />Lena Hedström<br />Anna Jonsson<br /></em></p>
<p><em> </em></p>
<p><em></em></p>
<p class="post_content entry-content" style="text-align: center;"><em></em></p>
<p class="post_content entry-content" style="text-align: center;"><em></em></p>
<p class="post_content entry-content" style="text-align: center;"><em></em></p>
<p class="post_content entry-content" style="text-align: center;"><em></em></p>
<p>[/et_pb_text][/et_pb_column][et_pb_column type=&#8221;1_3&#8243; _builder_version=&#8221;4.16&#8243; _module_preset=&#8221;default&#8221; global_colors_info=&#8221;{}&#8221;][et_pb_text _builder_version=&#8221;4.27.4&#8243; _module_preset=&#8221;default&#8221; hover_enabled=&#8221;0&#8243; global_colors_info=&#8221;{}&#8221; sticky_enabled=&#8221;0&#8243;]</p>
<p style="text-align: center;"><strong>Ersättare</strong><br />Andréa Gejskog<br />Vedad Begovic<strong><em><br /></em></strong>Vakant plats<br />Vakant plats</p>
<p style="text-align: center;"><strong>Medlemsrepresentanter</strong></p>
<p style="text-align: center;">Lukas Isaksson</p>
<p style="text-align: center;"><strong></strong>Samuel Michalsky</p>
<p style="text-align: center;">Malin West</p>
<p style="text-align: center;"><strong>Revisor</strong></p>
<p style="text-align: center;">Louise Strömberg, <em>Rådek</em></p>
<p>[/et_pb_text][/et_pb_column][et_pb_column type=&#8221;1_3&#8243; _builder_version=&#8221;4.16&#8243; _module_preset=&#8221;default&#8221; global_colors_info=&#8221;{}&#8221;][et_pb_text _builder_version=&#8221;4.27.4&#8243; _module_preset=&#8221;default&#8221; custom_padding=&#8221;||10px|||&#8221; global_colors_info=&#8221;{}&#8221;]</p>
<p style="text-align: center;"><strong>Handledare</strong></p>
<p style="text-align: center;">Kjell Bratt &#8211; Vikarie</p>
<p style="text-align: center;">Arxhira Osmani &#8211; Vikarie</p>
<p style="text-align: center;">Linnea Bergmark &#8211; Linnea@fontan.se</p>
<p style="text-align: center;">Lotta Löfgren &#8211; Lotta@fontan.se</p>
<p style="text-align: center;">Viktor Strömmer &#8211; Viktor@fontan.se</p>
<p style="text-align: center;"><strong>Klubbhuschef</strong><br />Carina Jonsson &#8211; Carina@fontan.se</p>
<p style="text-align: center;">[/et_pb_text][/et_pb_column][/et_pb_row][/et_pb_section]</p>

<p>Styrelse och Handledare Ordinarie ledamöter   Mikael Malm, OrdförandeUrsula Annerfors, Vice OrdförandeLena ParmenstamBirgit SundbergBritt-Marie Bruno AspMette HesselgrenLena HedströmAnna Jonsson ErsättareAndréa GejskogVedad BegovicVakant platsVakant plats Medlemsrepresentanter Lukas Isaksson Samuel Michalsky Malin West Revisor Louise Strömberg, RådekHandledare Kjell Bratt &#8211; Vikarie Arxhira Osmani &#8211; Vikarie Linnea Bergmark &#8211; Linnea@fontan.se Lotta Löfgren &#8211; Lotta@fontan.se Viktor Strömmer &#8211; Viktor@fontan.se KlubbhuschefCarina [&hellip;]</p>
